the remainder when 252244 is divided by 50401?
239
What is the remainder when 1484881 is divided by 742434?
13
Calculate the remainder when 248413854 is divided by 706.
694
What is the remainder when 2247676 is divided by 17698?
30
Calculate the remainder when 20414208 is divided by 69.
6
Calculate the remainder when 350582 is divided by 15580.
7822
What is the remainder when 50825 is divided by 2566?
2071
Calculate the remainder when 19025036 is divided by 31.
26
Calculate the remainder when 117608 is divided by 29321.
324
Calculate the remainder when 331649 is divided by 56.
17
What is the remainder when 8805 is divided by 492?
441
What is the remainder when 408728 is divided by 16576?
10904
What is the remainder when 411123 is divided by 58723?
62
What is the remainder when 568552 is divided by 113509?
1007
What is the remainder when 1987489 is divided by 268?
1
What is the remainder when 16775519 is divided by 132?
35
Calculate the remainder when 98783 is divided by 49373.
37
Calculate the remainder when 134882 is divided by 7492.
26
What is the remainder when 14511491 is divided by 41?
33
Calculate the remainder when 2294361 is divided by 2294347.
14
Calculate the remainder when 689510 is divided by 137900.
10
Calculate the remainder when 1390096 is divided by 182.
162
What is the remainder when 1548241 is divided by 1663?
1651
Calculate the remainder when 857782 is divided by 243.
235
What is the remainder when 137462 is divided by 287?
276
Calculate the remainder when 432613 is divided by 81.
73
Calculate the remainder when 382022 is divided by 191005.
12
What is the remainder when 42527 is divided by 41991?
536
What is the remainder when 14119574 is divided by 514?
508
What is the remainder when 26050 is divided by 949?
427
Calculate the remainder when 549192 is divided by 68573.
608
Calculate the remainder when 2492593 is divided by 389.
270
Calculate the remainder when 843277 is divided by 76654.
83
Calculate the remainder when 383244 is divided by 3684.
108
What is the remainder when 44433907 is divided by 540?
7
Calculate the remainder when 39465452 is divided by 411.
410
What is the remainder when 558873 is divided by 12997?
2
What is the remainder when 407307 is divided by 40718?
127
Calculate the remainder when 864795 is divided by 4.
3
Calculate the remainder when 1076457 is divided by 1076449.
8
Calculate the remainder when 11329019 is divided by 3213.
3194
What is the remainder when 31267978 is divided by 136?
82
Calculate the remainder when 336601 is divided by 47.
34
Calculate the remainder when 18143515 is divided by 198.
181
Calculate the remainder when 15274670 is divided by 392.
390
What is the remainder when 9391310 is divided by 130?
110
Calculate the remainder when 7773 is divided by 7425.
348
What is the remainder when 792768 is divided by 77?
53
What is the remainder when 536937 is divided by 553?
527
What is the remainder when 2458579 is divided by 40304?
35
What is the remainder when 1146178 is divided by 12053?
1143
What is the remainder when 25344 is divided by 946?
748
Calculate the remainder when 534211 is divided by 3318.
13
Calculate the remainder when 17035059 is divided by 1216775.
209
What is the remainder when 2853798 is divided by 3745?
108
What is the remainder when 3898478 is divided by 3149?
16
Calculate the remainder when 37315702 is divided by 1129.
1123
What is the remainder when 3722218 is divided by 1240739?
1
What is the remainder when 5688 is divided by 1663?
699
What is the remainder when 41170495 is divided by 1504?
1503
Calculate the remainder when 163325 is divided by 52824.
4853
What is the remainder when 4441774 is divided by 1464?
1462
Calculate the remainder when 432922 is divided by 14901.
793
Calculate the remainder when 231081 is divided by 120.
81
What is the remainder when 23302 is divided by 86?
82
Calculate the remainder when 2409707 is divided by 199.
16
Calculate the remainder when 78861 is divided by 19614.
405
What is the remainder when 2434340 is divided by 82?
6
Calculate the remainder when 4843 is divided by 123.
46
Calculate the remainder when 1934242 is divided by 270.
232
What is the remainder when 192086535 is divided by 14775886?
17
Calculate the remainder when 1575931 is divided by 288.
283
What is the remainder when 63901288 is divided by 1047562?
6
Calculate the remainder when 1683313 is divided by 45.
43
What is the remainder when 16928249 is divided by 207?
203
Calculate the remainder when 129372240 is divided by 33.
30
What is the remainder when 271747162 is divided by 37129?
11
What is the remainder when 2134015 is divided by 1418?
1343
What is the remainder when 1537863 is divided by 668?
127
What is the remainder when 1590208 is divided by 16?
0
What is the remainder when 5633135 is divided by 49?
46
Calculate the remainder when 84800164 is divided by 45.
4
Calculate the remainder when 10116108 is divided by 215236.
16
What is the remainder when 95334716 is divided by 84?
8
What is the remainder when 3026143 is divided by 19?
13
Calculate the remainder when 205145 is divided by 29303.
24
What is the remainder when 292602 is divided by 292562?
40
Calculate the remainder when 664081 is divided by 34930.
411
Calculate the remainder when 6826232 is divided by 127.
109
Calculate the remainder when 4683035 is divided by 273.
266
Calculate the remainder when 1970589 is divided by 46.
41
Calculate the remainder when 142617 is divided by 3951.
381
Calculate the remainder when 430021799 is divided by 4700.
4699
What is the remainder when 188933 is divided by 5695?
998
Calculate the remainder when 32619595 is divided by 2448.
2443
What is the remainder when 323760238 is divided by 2939?
2937
What is the remainder when 606927 is divided by 5?
2
What is the remainder when 33892880 is divided by 705?
5
What is the remainder when 832598 is divided by 75605?
943
Calculate the remainder when 2368466 is divided by 1184230.
6
What is the remainder when 108089 is divided by 1208?
577
Calculate the remainder when 3413307 is divided by 131275.
157
Calculate the remainder when 312192 is divided by 311464.
728
Calculate the remainder when 5373537 is divided by 85294.
15
Calculate the remainder when 4936332 is divided by 936.
804
Calculate the remainder when 10221 is divided by 9981.
240
Calculate the remainder when 8122537 is divided by 353151.
64
What is the remainder when 143394074 is divided by 605?
604
What is the remainder when 17320666 is divided by 91?
90
What is the remainder when 18986588 is divided by 6260?
8
What is the remainder when 75603703 is divided by 332?
331
What is the remainder when 428594 is divided by 12987?
23
Calculate the remainder when 1998139 is divided by 8189.
23
What is the remainder when 1126736784 is divided by 41?
40
Calculate the remainder when 41921 is divided by 19658.
2605
What is the remainder when 65593 is divided by 658?
451
What is the remainder when 2774701 is divided by 7?
6
What is the remainder when 182911 is divided by 181832?
1079
Calculate the remainder when 51824 is divided by 6120.
2864
What is the remainder when 13089935 is divided by 3622?
27
What is the remainder when 9436473 is divided by 5705?
403
Calculate the remainder when 19997624 is divided by 1176330.
14
Calculate the remainder when 73824 is divided by 3933.
3030
What is the remainder when 1384795 is divided by 235?
175
Calculate the remainder when 27853 is divided by 13734.
385
Calculate the remainder when 4774766 is divided by 97444.
10
What is the remainder when 2381574 is divided by 154?
118
What is the remainder when 2490897 is divided by 74?
57
Calculate the remainder when 44494 is divided by 3154.
338
What is the remainder when 350532 is divided by 1202?
750
Calculate the remainder when 1993349 is divided by 1993349.
0
What is the remainder when 11896139 is divided by 63?
38
Calculate the remainder when 823725 is divided by 885.
675
What is the remainder when 6674957 is divided by 14638?
29
What is the remainder when 61485005 is divided by 400?
205
What is the remainder when 4135178 is divided by 959?
929
Calculate the remainder when 11820460 is divided by 80.
60
What is the remainder when 129260543 is divided by 16?
15
Calculate the remainder when 90585 is 